f w?
2
Suppose 48*j - 1140 = 4092. What is the tens digit of j?
0
Let a = 8044 - 4355. What is the tens digit of a?
8
Let g(x) = -55*x - 4. Let u(s) = 331*s + 25. Let k(n) = -39*g(n) - 6*u(n). What is the tens digit of k(1)?
6
Let y(w) = -w**2 + 2*w + 20. Let o be y(6). What is the units digit of 3330/24 + -2 + (-5)/o?
8
Suppose -5*h = 2*p + 299, -2*h - 159 + 31 = 5*p. Let c = h + 148. What is the tens digit of c?
8
Suppose 3*u - c + 5*c = 8, u + 5*c - 10 = 0. Suppose u = -6*j + 2*j + 12. Suppose 4*k - j = 9. What is the units digit of k?
3
Let z(d) = -d**2 + 8. Let f be z(-4). Let u(v) = -7*v - 13. What is the units digit of u(f)?
3
Suppose -6*u - 14 = -7*u. Let j be (-2)/u + (-948)/28. Let r = -20 - j. What is the tens digit of r?
1
Let s = 217 - -30. What is the tens digit of s?
4
What is the tens digit of (2/7)/((-9)/(-85113))?
0
Suppose 0 = t - 5 - 0. Suppose -8 = -t*l + 72. What is the tens digit of l?
1
Suppose 2*l + 10 = -4. Let d = -4 - l. Suppose 2*b = -d*b + 95. What is the tens digit of b?
1
Suppose 13*f - 2267 - 3804 = 0. Suppose 4*c - f = c - 4*r, c = -3*r + 159. What is the tens digit of c?
5
Suppose 50*s + 1523 = 51*s. What is the hundreds digit of s?
5
Suppose 14 = 5*b + 4, 2*b = -4*k + 40. What is the units digit of 60/(-5)*(-24)/k?
2
Let u(y) = -y**2 - 3*y + 16. Let g be u(5). Let m be (-8)/64 - 2715/g. Let o = m + -81. What is the tens digit of o?
3
Let o = -3 - -11. Suppose 0 = o*u - 6*u - 88. What is the units digit of u?
4
Let u(f) = -f**2 + 3*f + 2. Let p be u(3). Suppose m + p*m = 9. What is the units digit of m?
3
Suppose 12*j - 2655 = 7*j. What is the hundreds digit of j?
5
Let z(g) = g - 8. Let t be z(6). What is the tens digit of 46 - (0 + 6 + t)?
4
Let n(y) = y**3 + 5*y**2 - y. Let v be n(-5). Suppose v*g - 220 = 4*f, -4*g = -g + f - 149. What is the units digit of g?
8
Let b be 15/2*68/85. What is the tens digit of b/12 - 126/(-4)?
3
Suppose 3*r + 215 = 8*r. Let x be (-1*r)/(4/(-8)). Suppose 0 = 2*p - 0*p - x. What is the tens digit of p?
4
Let x(f) be the second derivative of f**4/12 - 11*f**3/6 + 5*f**2/2 + 4*f. Let z be x(11). Suppose 0 = -d + 7 + z. What is the tens digit of d?
1
Suppose 0 = 4*v + x - 1792, -62 = -2*v - 5*x + 834. Suppose 0 = -4*r - 4*b + v, 4*r - 7*b + 2*b = 421. What is the units digit of r?
9
Suppose 0 = -2*n + 5*y + 5279, -8415 + 544 = -3*n - 2*y. What is the tens digit of n?
2
Suppose u = -3*b + 489, -5*b + 0*u + 835 = -5*u. Suppose -b - 277 = -3*l. What is the tens digit of l?
4
Suppose 0*s + 5*s - 5 = 0, x - 2*s = 3. Suppose -x*j = -240 + 810. Let p = -78 - j. What is the units digit of p?
6
Let t(b) = b**2 - 6*b + 2. Let i be t(6). Suppose 0 = -r - i*r - 9, -5*l + 2*r + 116 = 0. Let h = l + -10. What is the units digit of h?
2
Suppose -43*p = -55*p + 27312. What is the thousands digit of p?
2
Let f = 166 + -238. What is the tens digit of -5 - -6 - -1 - f?
7
Let x(r) = r**3 - 12*r**2 + 10*r - 28. What is the units digit of x(14)?
4
Let f = 64 + -12. Let a = 87 - f. Let u = -17 + a. What is the tens digit of u?
1
Let c be 482/4 - (-5 + 7/2). Suppose 5*p + 0*x + 3*x = 218, -3*p + c = 4*x. What is the units digit of p?
6
Suppose 48*z - 55920 = -0*z. What is the hundreds digit of z?
1
Let l = -1 + 9. Let a(p) = 2 + 2 - 3 + p + 4. What is the units digit of a(l)?
3
Suppose -5*l + 2925 = 560. What is the tens digit of l?
7
Suppose 2*d - 5*t = 33, -3*t - 6 - 21 = -3*d. Suppose 5*u - d*s = -0*s + 51, 53 = 5*u - 2*s. What is the tens digit of u?
1
Let s(n) = -18*n**3 + 2*n**2 - 8*n - 16. What is the hundreds digit of s(-3)?
5
Suppose 5*l + 53 - 63 = 0. Suppose 2*c = 5*c + f - 288, 0 = -l*c + 4*f + 192. What is the tens digit of c?
9
Suppose 5*h = 340 + 450. What is the tens digit of h?
5
Suppose -a - 3*r = -55 - 260, a + 2*r - 313 = 0. What is the tens digit of a?
0
What is the units digit of ((-602)/8)/((-46)/184)?
1
Let g = -11 + 14. Let c be (g + 52/(-20))*750. What is the units digit of c/36 - 2/(-3)?
9
Suppose -3*y = 3*t + 102, t = 3*t + y + 67. Let c = 43 - t. Suppose -6*x = -c - 32. What is the units digit of x?
8
Let n(x) = x**2 + 8*x + 23. Let u(g) = -g**2 + 7*g + 6. Let y be u(9). What is the units digit of n(y)?
1
Let n(l) = -1 + 0*l - 2*l**2 - 2*l + 3*l**2 + l**2. What is the tens digit of n(7)?
8
Let a(f) = -2 + f**2 + 8*f - 11 - 3*f. Let h be a(-7). Let m(r) = 69*r**3 - r**2 - r + 1. What is the units digit of m(h)?
8
Suppose -2*z = i - 741 - 939, -4*i - 4*z + 6720 = 0. What is the units digit of i?
0
Suppose 0 = -3*z - 5*x + 57 - 17, -z = -x. Suppose 8 + 7 = z*r. What is the units digit of 4 + -1 - r - -26?
6
Suppose -q - 2*q + 174 = 0. Let y = 106 - q. What is the units digit of y?
8
Let m be ((-4)/5)/(4/(-10)). Suppose 4*d - 3*s - 63 = 0, -4*d - m*s + 41 - 3 = 0. Suppose 5*v = 2*v + d. What is the units digit of v?
4
What is the units digit of (-2 - 226)*(-42)/24?
9
Let b(q) = 9*q + 53. Let u(w) = -8*w - 53. Let t(g) = 4*b(g) + 3*u(g). What is the units digit of t(9)?
1
Let a be 6 - 2/(4/6). Suppose -8 = -2*h + 4*s, 3*s - 7 = -a*h - 2*h. Suppose -2*o + 3*d + h*d = 5, 4*d = o + 7. What is the units digit of o?
5
Let a = -12 + 14. Suppose 8*b + a*b = 60. What is the units digit of b?
6
Let h = -150 - -848. What is the units digit of h?
8
Let i = -36 + 36. Suppose 4*q = 5*n + 290, -3*n + 2 + 4 = i. What is the tens digit of q?
7
Suppose 3*q + 5*v - 21 = 4*q, 0 = -3*q - 5*v - 63. Let i = -9 - q. Suppose 3*t + 5*g - i = 0, 3*t - t - 15 = -g. What is the units digit of t?
9
Suppose 5*d + 55 = 5*b, -d + 19 = 2*b - 4*d. Let a = b + 2. What is the units digit of a?
6
Suppose -39 = -s - 39. Suppose s = 3*j - 3*b - 90, j - 20 = -5*b + 4. What is the tens digit of j?
2
What is the tens digit of (-3 + -10)*6/(0 + -6)?
1
Let n(k) = k**2 - 4*k - 21. Let x be n(11). Suppose 0 = 3*r - 206 + x. What is the tens digit of r?
5
Let d = 16 + -10. Suppose 4*u - d = 3*u. Suppose -3*x = u - 15. What is the units digit of x?
3
Let h = -20 + 24. Suppose 169 = h*r + 13. What is the tens digit of r?
3
Suppose 516 = -72*v + 76*v. Suppose -5*h + 3*i - 77 = -650, 0 = h + 3*i - v. What is the hundreds digit of h?
1
Let a be 7/28 + ((-1341)/4)/(-3). Suppose -a*w + 108*w + 60 = 0. What is the units digit of w?
5
Let v(o) = o**3 - 7*o**2 + 8*o + 25. What is the tens digit of v(11)?
9
Let h be 10/45 + 50/18. Let u be 2*2/(h - -1). What is the units digit of (2/4)/(u/4)?
2
Let a = 1 - 1. Suppose a = -2*w + 3*w - 10. Suppose -2*r = -w - 6. What is the units digit of r?
8
Suppose 0 = 313*k - 323*k + 22180. What is the tens digit of k?
1
Let u(y) = -42*y**3 - 2*y**2 + 19*y + 47. What is the units digit of u(-3)?
6
Suppose 2*q - 12 = 6*q. Let t be ((-3)/6)/(q/300). Suppose r + 4*r - t = 0. What is the units digit of r?
0
Let p(y) = 4*y**2 + 12*y + 9. What is the units digit of p(-8)?
9
Let n = 49 + -43. Let a(o) be the first derivative of -o**3/3 + 11*o**2/2 + 7*o - 2. What is the tens digit of a(n)?
3
Suppose 0 = 12*m - 11488 - 14480. What is the units digit of m?
4
Let l be (2 - 0) + 19 + -1. Suppose w = 58 - l. What is the units digit of w?
8
Let a = -292 + 398. What is the hundreds digit of a?
1
Let m(x) = -x**2 + 18*x - 14. Let w be m(13). Let c = 98 - w. What is the tens digit of c?
4
Let r = -987 + 2068. What is the units digit of r?
1
Suppose 2*s = -d - 0*s + 201, 3*d - 558 = 3*s. What is the hundreds digit of d?
1
Suppose 0 = -5*s + 3*s + 672. Suppose 0 = -3*c - 3*u + 246, -c = 3*c - 4*u - s. What is the tens digit of c?
8
What is the hundreds digit of -6 + 4439 - (12 + -5 - 10)?
4
Let p = 7328 - 3632. What is the units digit of p?
6
Let l = 444 - 448. Let v be -2 + 4 + -2 + -1. What is the tens digit of v/(326/82 + l)?
4
Suppose 0 = 4*t + 5*g - 28, 5*g - 12 - 8 = 0. Let v be (-3 + 4)/(t/10). Let b(y) = -y**2 + 10*y - 6. What is the tens digit of b(v)?
1
Let j(q) = 2*q**2 + 6*q - 5. Let a be j(5). Let m = -26 + a. What is the units digit of m?
9
Let c be 1*((-9)/(-3) + 0). Suppose 0 = c*v - 280 + 106. What is the tens digit of v?
5
Let z(d) = -7*d**3 + 3*d**2 + 4*d - 9. Let u(m) be the first derivative of m**4/4 - m**3/3 + m - 8. Let j(n) = 6*u(n) + z(n). What is the tens digit of j(-5)?
2
Suppose -1935 + 6847 = 8*o. What is the units digit of o?
4
Let v = -19 - -24. Let l = 5 - v. What is the tens digit 